et u be (395/(-4) + 3)/((-2)/(-8)). Is (u/(-4))/(12/1104) a prime number?
False
Let l(g) be the third derivative of g**5/60 + 5*g**4/12 + 3*g**3 - 14*g**2. Let y be l(-8). Suppose y*f - 170 = 800. Is f composite?
True
Let r(o) = -18*o + 3. Let i be r(-5). Let s = -91 + i. Suppose -t - 4*a = -1381, 5*t + s*a - 2818 = 3997. Is t a composite number?
False
Suppose 8*d = d - 28. Let m(n) = 70*n**2 - 9*n - 21. Is m(d) a composite number?
True
Let l(w) = 15*w**2 + 64*w + 33. Let v be l(-25). Is 2 + v/4 + 4 + -7 a prime number?
True
Suppose -m - 5*p - 36 = 0, 3*p - 100 = 2*m - p. Let l = m + 824. Is l composite?
True
Suppose -52 = -3*c - 2*p, -48 = -0*c - 2*c - 4*p. Let i(x) = 339*x + 37. Is i(c) prime?
True
Let i = 74 - 61. Suppose 3*p - 15712 = -i*p. Is p a prime number?
False
Let g(y) be the first derivative of 14*y**3/3 - y**2/2 - y - 590. Let n be 1/(-3) + (-12)/18. Is g(n) a composite number?
True
Let s be (-31)/(-6) + 1/(-6). Let w = 147 - 28. Suppose -s*x + 3086 = -w. Is x composite?
False
Let g(c) = -20 + 300*c + 124*c + 459*c. Let z be g(7). Suppose 4*q = -5*i + 6179, -q + i = 3*q - z. Is q a composite number?
True
Let c(v) = -3*v - 4. Let u be c(-2). Let r(p) = 5*p - 11*p + 13 - 7*p**3 + 8*p**2 + 6*p**3 - 21*p**u. Is r(-16) a prime number?
True
Let q(v) = -v**3 - 11*v**2 - 10*v + 24. Let l be q(-10). Suppose m - 10026 = 25*u - l*u, 20043 = 2*m - 5*u. Is m a composite number?
True
Let y(c) = 2756*c**2. Let l be y(1). Suppose -33*u + 37*u + l = 0. Let j = -390 - u. Is j prime?
False
Let f be -2*4*(-2)/4. Suppose -d - 75 = 2*p - 0*d, 0 = f*p + d + 145. Let k = 114 - p. Is k prime?
True
Suppose -300*f + 956895 = -297*f + 5*r, 5*f - 4*r - 1594825 = 0. Is f prime?
False
Suppose -6*u + 4*o = -38618, -3*u + 3*o + 27357 = 8052. Is u a composite number?
True
Suppose -3383738 - 665039 = -29*u. Is u a prime number?
False
Let z = 276 - 243. Suppose z*w = 45*w - 17652. Is w composite?
False
Let o = 71 - -655. Let t = o + 21050. Suppose -9*c = 7*c - t. Is c prime?
True
Suppose -4*u = -0*u - 1540. Let y(k) = -k**3 - 4*k**2 + 9*k - 13. Let n be y(-6). Suppose 3*r - 231 = n*m, r = 6*r - 3*m - u. Is r prime?
False
Let b = 1525326 + -985705. Is b prime?
True
Suppose 0 = 31*b + 1921 - 2696. Is b prime?
False
Let y = 842421 - 376618. Is y a composite number?
True
Let d(x) be the first derivative of -x**3/3 - 9*x**2/2 - 5*x - 17. Let w be d(-8). Suppose 0*n - 5*o = -2*n + 307, -5*o = -w*n + 468. Is n a prime number?
False
Suppose 2*g - 25 + 21 = 0. Suppose -4*r + 5*j = -g*r - 2586, -2*r - 2*j = -2586. Let t = 712 + r. Is t a composite number?
True
Let c(b) = 3*b**3 + 5*b**2 + 21*b - 87. Is c(11) a prime number?
False
Is (-91011710)/(-476) - 9/126 a composite number?
True
Is (-5)/(-8 - (-47116539)/5889573)*(-2)/(-2) a composite number?
False
Let s = -982 + 1359. Is s a prime number?
False
Let v(l) = -5*l + 203. Let g be v(34). Is ((-670545)/g)/(-3) + 4/(-22) composite?
True
Suppose 16*n = 23*n + 140. Let x be (12/16)/3*n. Is (-4665)/x - (1 - 1) a composite number?
True
Suppose -2*o = 3*r + r - 169026, -4*o = -4*r - 338100. Is o a prime number?
True
Suppose 39 = 4*m - m. Let f = -17 + m. Is (6/f)/((-24)/4768) a composite number?
True
Let z = -67 - -71. Suppose 3*k - 4*k = z*q - 4501, 0 = k - 4*q - 4485. Suppose s - 3*t - 1331 = 0, k = 4*s + 2*t - 859. Is s prime?
False
Let l = 93 - 90. Suppose -l*k - 4 = -k. Let w(v) = -442*v - 7. Is w(k) composite?
False
Suppose 0 = 3*q - 5*y + 2980, q - y = -0*y - 994. Suppose 4*l + 11*p + 6979 = 12*p, -4*p = 2*l + 3512. Let s = q - l. Is s composite?
False
Let q(l) = l**2. Let o(n) = -176*n**2 - 4*n + 7. Let g(r) = -o(r) - 5*q(r). Is g(2) prime?
False
Suppose 142999 = 38*n - 37*n - l, 4*n + 5*l - 571978 = 0. Is n a composite number?
True
Let z(r) = 11170*r**2 - 7*r - 67. Is z(-4) prime?
True
Suppose 164*s + 19798 = 183*s. Let y = s + -411. Is y prime?
True
Let l(u) = 2*u - 32. Let b be l(20). Let p(s) = -5 + b*s**3 + 15*s**3 - 22*s**3 + 12*s**2 - 14*s. Is p(-12) prime?
True
Suppose -2*l = -9*l + 22582. Suppose -7662 = -4*u + l. Is u a composite number?
True
Let j(f) = -584697*f + 1129. Is j(-4) composite?
True
Let r(g) be the third derivative of g**6/120 - g**5/5 - 13*g**4/24 - 7*g**3/6 - 13*g**2 - 69. Let d = 3 - -13. Is r(d) a prime number?
True
Let c(b) = 4*b**3 - 42*b**2 - 77*b + 113. Is c(33) composite?
True
Let x be (3 - 1)*7/(56/60). Let q be (21/5 - 3)/(6/x). Suppose -4*b = q*k - 281, b - 101 = 4*k - 26. Is b a composite number?
False
Suppose 0 = -3*o + 42*o - 1593813. Is o prime?
True
Let o(d) = -6*d + 82. Let h be o(13). Suppose -4*a + 5*t = 4*t - 68983, -h*a + 68968 = 4*t. Is a a prime number?
False
Is (-1)/(-2) - 0 - (-1515225)/178 composite?
False
Suppose 0 = -4*k + 3*n - 2*n + 25, 2*k + 5 = -3*n. Suppose k*a - 47345 = -12*a. Is a composite?
True
Suppose -5*y + t + 47 = 0, 4*t + 1 = -y + 2. Suppose -m - 5 = -y. Suppose -2*q + 2*j + 1216 = 0, 1 = m*j - 11. Is q a prime number?
False
Suppose 0 = -100*o + 66*o + 1449658. Is o prime?
False
Suppose 798*w - 763*w - 377708 - 7333737 = 0. Is w a prime number?
True
Let x be 5/25*413935/(-1). Let w = -51588 - x. Is w a prime number?
False
Let u(g) = -g**2 + 19*g - 51. Let t be u(15). Let a be 5 + 52/(-12) + (-33)/t. Is (-678)/8*-23 + a/12 a prime number?
True
Suppose -5 = -2*s + 9. Let g(r) = 91*r**3 - 6*r**2 - 4*r + 56. Is g(s) a composite number?
True
Suppose -38*a + 68 = -36*a. Suppose -5*h = 2*n - 257, -220 = -5*h + h + 2*n. Let l = h + a. Is l a prime number?
False
Suppose 707164 + 25421530 = 34*u. Is u prime?
True
Suppose 0 = -13*o + 15*o - 6. Suppose 4*d - 18 = -2, -o*m + 5*d = -68287. Is m prime?
True
Let z = -24865 + 53646. Is z a composite number?
True
Let x(v) = 248564*v**2 + 153*v - 154. Is x(1) a composite number?
True
Let o = 509 + 80090. Is o composite?
False
Let u = 10060 + 5113. Is u prime?
True
Suppose 5*w - 212188 = 2*u - 89318, w = -2*u + 24586. Is -2 + w/4 + 0 + -3 a prime number?
False
Let r be (-24)/64 + 1233/24. Let n = r + -44. Suppose 0 = 3*k - n*g + 4*g - 180, 5*k + 4*g = 345. Is k a composite number?
True
Suppose -12*j + 13*j = 19*j. Let w be 1/(2 + -1) + 1. Suppose j*u - 534 = -w*a - 2*u, -5*a - 4*u = -1337. Is a a prime number?
True
Let m = -1 - -3. Let j be (-14)/m - 0 - -3. Is ((-19720)/(-3))/8 + j/6 composite?
False
Is (-14 - (20 + -79248))*(2/4 + 0) a prime number?
True
Let m be (-1194)/9*12/(-8). Suppose -12*d + 11*d = m. Let n = d + 342. Is n prime?
False
Let r = 202772 - 121129. Is r a composite number?
True
Let i be (-2 - 0) + (-75 - 10). Let p = i + 87. Suppose k + 3*a - 3370 = p, -2*a + 1291 = -3*k + 11456. Is k a composite number?
True
Let v = 1837 - 2874. Let z = v + 2106. Is z composite?
False
Suppose -h - 6 = h. Let f(g) = 3*g**3 + g**2 + 6*g - 1. Let r(y) = 2*y**3 + 2*y**2 + 6*y - 1. Let m(s) = -3*f(s) + 4*r(s). Is m(h) a prime number?
True
Suppose 9065 = 2*s + 3*w, -w - 3422 - 1113 = -s. Is s prime?
False
Let j(q) = q**2 + 1. Let i(p) = -47*p**3 + 5*p**2 - 6*p + 1. Let r(b) = i(b) - 6*j(b). Suppose -s - 4 - 6 = 4*c, s + 5*c = -12. Is r(s) composite?
False
Let t = 581 - 578. Suppose 0*a - a + 16704 = -u, -2*u + 50122 = t*a. Is a prime?
False
Let c be (-492)/(-8) + 1/(-2). Let m = c + -337. Let u = m + 971. Is u prime?
False
Suppose 3*g = -0*g - 3*k + 348, -5*g + 2*k = -552. Let i be 1*((-12)/(-14))/(24/g). Suppose -8595 = -i*o - 1207. Is o a prime number?
True
Suppose 28*n - 29200818 = -146*n - 108*n. Is n prime?
True
Let k(p) = 5*p**3 + 5*p**2 - 2*p + 1. Let y be k(2). Let m = 163 - y. Suppose 16*u - 14*u = m. Is u a prime number?
True
Let c be 4371/(-4)*168/(-63). Suppose -3*w + c = 5*h, 268 = -h - 2*w + 855. Is h a prime number?
False
Is 11384 + (-16)/(-12)*(-3)/4 a prime number?
True
Let u(x) = 2*x**3 - 39*x**2 - 104*x + 2158. Is u(43) composite?
False
Let q = -69 + 132. Let j be 260/3*q/(-6). Let h = 172 - j. Is h a composite number?
True
Let y(z) = -39236*z**3 - z**2 + 5. Is y(-2) composite?
False
Let s(n) = -380*n + 1. Let f be s(1). Let a(j) = -j**2 + 81*j - 200. Let i be a(22). Let k = i + f. Is k composite?
False
Suppose 32*q - q + 80740 = 306606. Is q composite?
True
Let d = -8619 + 36729. Suppose -2*l = 3*l - v - d, 5*l - 28105 = 2*v. Is l a prime number?
True
Let i(t) = -541*t**3 - 4*t**2 - 79*t - 41. Is i(-12) pr